 tens digit of 274643417?
1
What is the tens digit of 433801713?
1
What is the units digit of 3694723404?
4
What is the units digit of 1924369784?
4
What is the units digit of 5814974098?
8
What is the thousands digit of 1365182786?
2
What is the ten millions digit of 312617538?
1
What is the tens digit of 1105296478?
7
What is the hundred millions digit of 432334318?
4
What is the tens digit of 37865344?
4
What is the thousands digit of 819278289?
8
What is the hundred thousands digit of 8187785208?
7
What is the hundreds digit of 501001471?
4
What is the hundred thousands digit of 271984997?
9
What is the hundreds digit of 73704853?
8
What is the ten thousands digit of 2896801568?
0
What is the millions digit of 1122280?
1
What is the tens digit of 396213941?
4
What is the millions digit of 193962754?
3
What is the hundred thousands digit of 8339350164?
3
What is the millions digit of 4615991?
4
What is the tens digit of 7673409?
0
What is the ten millions digit of 317987424?
1
What is the tens digit of 78865141?
4
What is the millions digit of 70739293?
0
What is the millions digit of 179926197?
9
What is the units digit of 384191003?
3
What is the hundreds digit of 56095717?
7
What is the tens digit of 232959473?
7
What is the millions digit of 2026238987?
6
What is the thousands digit of 727148967?
8
What is the ten millions digit of 330487507?
3
What is the hundred thousands digit of 36068898?
0
What is the units digit of 181453932?
2
What is the units digit of 37268891?
1
What is the millions digit of 83569399?
3
What is the hundred millions digit of 556722725?
5
What is the units digit of 276813885?
5
What is the ten thousands digit of 3023595817?
9
What is the hundreds digit of 65284251?
2
What is the thousands digit of 110847491?
7
What is the units digit of 20609008?
8
What is the hundred millions digit of 502164846?
5
What is the thousands digit of 1416802529?
2
What is the thousands digit of 37441290?
1
What is the millions digit of 27661308?
7
What is the hundreds digit of 207124060?
0
What is the units digit of 1028835774?
4
What is the hundreds digit of 2848173050?
0
What is the units digit of 7965424?
4
What is the units digit of 2680032842?
2
What is the ten thousands digit of 1372024212?
2
What is the ten thousands digit of 20739825?
3
What is the ten millions digit of 51147811?
5
What is the ten millions digit of 27196444?
2
What is the hundreds digit of 38369386?
3
What is the hundreds digit of 190127598?
5
What is the millions digit of 903398597?
3
What is the ten thousands digit of 769213?
6
What is the ten thousands digit of 3492264508?
6
What is the millions digit of 520269413?
0
What is the hundred thousands digit of 60422280?
4
What is the ten millions digit of 184801023?
8
What is the billions digit of 1559270780?
1
What is the units digit of 155024024?
4
What is the tens digit of 1175224168?
6
What is the tens digit of 104323957?
5
What is the hundreds digit of 4460471615?
6
What is the units digit of 79556117?
7
What is the thousands digit of 165895596?
5
What is the hundred millions digit of 137970312?
1
What is the tens digit of 1038318467?
6
What is the hundred millions digit of 501325624?
5
What is the millions digit of 75374051?
5
What is the hundred thousands digit of 226817830?
8
What is the tens digit of 983830244?
4
What is the ten thousands digit of 7839970716?
7
What is the ten thousands digit of 1022482698?
8
What is the millions digit of 538927960?
8
What is the hundred thousands digit of 1665131756?
1
What is the millions digit of 33449756?
3
What is the millions digit of 1294357478?
4
What is the hundreds digit of 192285718?
7
What is the ten thousands digit of 468776787?
7
What is the millions digit of 327251326?
7
What is the thousands digit of 2696169672?
9
What is the units digit of 552811268?
8
What is the hundred thousands digit of 228149008?
1
What is the ten millions digit of 2479136195?
7
What is the hundred millions digit of 204419253?
2
What is the tens digit of 343781065?
6
What is the ten millions digit of 368685565?
6
What is the ten millions digit of 7225812583?
2
What is the ten millions digit of 1944046118?
4
What is the tens digit of 185738713?
1
What is the ten millions digit of 173113057?
7
What is the tens digit of 146093038?
3
What is the ten millions digit of 289951193?
8
What is the thousands digit of 57179602?
9
What is the hundred millions digit of 3075369027?
0
What is the hundred thousands digit of 56848220?
8
What is the hundreds digit of 253721555?
5
What is the ten millions digit of 365638507?
6
What is the tens digit of 5319444200?
0
What is the ten thousands digit of 134747364?
4
What is the ten millions digit of 915404834?
1
What is the hundred thousands digit of 243335436?
3
What is the millions digit of 663751389?
3
What is the tens digit of 119647091?
9
What is the thousands digit of 366046735?
6
What is the hundreds digit of 34279933?
9
What is the tens digit of 5608355108?
0
What is the hundred thousands digit of 1549919520?
9
What is the thousands digit of 992345240?
5
What is the thousands digit of 590536071?
6
What is the hundreds digit of 664157546?
5
What is the millions digit of 129307874?
9
What is the ten millions digit of 202781461?
0
What is the hundreds digit of 163372251?
2
What is the hundred thousands digit of 21235869?
2
What is the ten thousands digit of 46000168?
0
What is the hundred thousands digit of 1280527637?
5
What is the billions digit of 6027293328?
6
What is the tens digit of 58389950?
5
What is the ten millions digit of 1303181420?
0
What is the thousands digit of 6040661771?
1
What is the hundred millions digit of 946062023?
9
What is the units digit of 84339837?
7
What is the units digit of 2508358628?
8
What is the tens digit of 317801675?
7
What is the ten thousands digit of 2758925430?
2
What is the ten thousands digit of 5558195716?
9
What is the hundred millions digit of 273585726?
2
What is the hundred millions digit of 1865330810?
8
What is the thousands digit of 196901297?
1
What is the tens digit of 271833748?
4
What is the hundred thousands digit of 255138399?
1
What is the ten thousands digit of 655662002?
6
What is the tens digit of 25388415?
1
What is the millions digit of 2165218365?
5
What is the hundred thousands digit of 59578649?
5
What is the hundreds digit of 106153594?
5
What is the hundreds digit of 812941768?
7
What is the hundred millions digit of 1082507246?
0
What is the hundreds digit of 567491995?
9
What is the hundred thousands digit of 1719113733?
1
What is the units digit of 118753600?
0
What is the ten millions digit of 182777828?
8
What is the hundred thousands digit of 2323254526?
2
What is the thousands digit of 1774270?
4
What is the hundreds digit of 3682817424?
4
What is the units digit of 4687667?
7
What is the thousands digit of 1077426811?
6
What is the ten thousands digit of 255792904?
9
What is the hundreds digit of 2818862?
8
What is the ten thousands digit of 21575869?
7
What is the millions digit of 3361793916?
1
What is the ten millions digit of 38519752?
3
What is the hundred millions digit of 847960748?
8
What is the tens digit of 45533462?
6
What is the thousands digit of 88915845?
5
What is the hundred thousands digit of 1003772568?
7
What is the billions digit of 1876546477?
1
What is the tens digit of 2927298043?
4
What is the hundred thousands digit of 328066238?
0
What is the hundred millions digit of 349209850?
3
What is the ten millions digit of 677293458?
7
What is the tens digit of 71638585?
8
What is the units digit of 4347603528?
8
What is the millions digit of 1900579082?
0
What is the tens digit of 60182990?
9
What is the hundred thousands digit of 405322944?
3
What is the ten millions digit of 1046577181?
4
What is the millions digit of 2444169189?
4
What is the millions digit of 1340709353?
0
What is the hundreds digit of 525452169?
1
What is the hundred millions digit of 256690113?
2
What is the ten millions digit of 40297290?
4
What is the thousands digit of 53414000?
4
What is the hundreds digit of 154043978?
9
What is the hundred millions digit of 1608951950?
6
What is the ten millions digit of 47868080?
4
What is the hundred millions digit of 271506790?
2
Wh